e 0*o = -16*o + 112. Let c be ((-245)/(-4) - o/28) + 1. What is the greatest common divisor of 496 and c?
62
Let o = 92 - 91. Let b be o/(-4*(-20)/25 - 3). Calculate the greatest common factor of 5 and b.
5
Let q = -234 + -58. Let s = q - -308. What is the greatest common divisor of s and 72?
8
Suppose 137*i - 144420 = 132*i + 4*n, 5*n = 0. Calculate the highest common divisor of 261 and i.
87
Let m = -30 - -26. Let q be (-6)/m - (-51)/2. Suppose 2*i = i + 2*x + 56, 2*i = 3*x + 111. Calculate the highest common factor of i and q.
27
Let q(g) = -901*g - 1768. Let p be q(-5). What is the highest common divisor of p and 161?
161
Let q = -21 + 36. Suppose v = 3*n - 184, -243 - 41 = -5*n - 4*v. Calculate the highest common factor of q and n.
15
Suppose -3*q + n = -636 - 688, 2*q + 3*n = 868. Calculate the greatest common divisor of 88 and q.
88
Let f(x) = -x + 5. Let z be f(-2). Let v be 2 - -7*(1 + (1 - 3)). Let c be (1/(-5)*28)/(v/25). Calculate the highest common factor of z and c.
7
Let n = -12675 - -13214. Calculate the greatest common divisor of n and 49.
49
Suppose -7*r - 8*r - 2*r + 202742 = 0. What is the highest common divisor of 356 and r?
178
Suppose 154*m - 4626 = 149*m + f, 0 = -m - 2*f + 912. Calculate the highest common divisor of m and 294.
42
Let o be (-25788)/(-56) - (-1)/(-2). Suppose -14 = -q - 3*b, 1 = -4*b - 7. What is the greatest common factor of q and o?
20
Suppose -6 = o - 5*c, -4*o - 4*c - 140 = -164. What is the greatest common factor of o and 9416?
4
Let g(m) = -m**3 + 23*m**2 + 26*m - 36. Let f = 25 - 1. Let d be g(f). Let j = 75 - 27. What is the greatest common factor of d and j?
12
Let z = -2516 - -4154. What is the highest common factor of z and 1456?
182
Suppose 2*x - 18*x + 2732 = -68. What is the greatest common divisor of 2135 and x?
35
Let r(o) = 8*o + 290. Let q = -158 + 205. Let c be r(q). What is the highest common divisor of 18 and c?
18
Suppose l + 3*l = -4*v + 20, 5*l = 2*v + 11. Suppose -6175 = -337*z - 446. What is the highest common factor of z and l?
1
Suppose -6*v - 82 = -424. Suppose v = -j + 110. Calculate the greatest common factor of j and 53.
53
Let x(v) = -v**3 + 30*v**2 - 42*v + 384. Let a be x(28). What is the greatest common factor of a and 88?
8
Let s be ((-690)/(-3 - -5) - 4)/(-1). Let g = s - 265. Calculate the greatest common factor of 42 and g.
42
Suppose -29*d = -1846 - 3345. What is the highest common divisor of 6623 and d?
179
Let l(u) = 323*u + 343. Let k be l(-1). Calculate the greatest common divisor of k and 2480.
20
Suppose 8*t + 234 = 11*t - 4374. Calculate the greatest common divisor of 12 and t.
12
Let g(o) = -o**2 + 17*o + 18. Let p = 519 + -502. Let i be g(p). Calculate the highest common divisor of i and 4.
2
Suppose -2572 + 19015 = 63*h. What is the highest common divisor of 1421 and h?
29
Let z = -160 + 153. Let b = z - -48. Calculate the highest common divisor of b and 369.
41
Let w = -2010 + 2095. Suppose 384*c - 884 = 380*c. Calculate the highest common factor of c and w.
17
Suppose 93*h - 136*h + 188 = -113. Calculate the greatest common divisor of 6909 and h.
7
Let f be (-9 + 3)*5488/(-168). Calculate the greatest common divisor of 833 and f.
49
Let z = 2 - 4. Let y be (-94)/(-8) + z/(-8). Suppose 43 + 23 + 462 = 4*s. Calculate the greatest common divisor of s and y.
12
Let k = -2922 - -2984. Calculate the highest common factor of 9114 and k.
62
Let y(z) = z**3 - 5*z**2 + 4*z + 6. Let x be y(5). Suppose -2*s + 2 - 8 = 0, -2*n - 2*s = -x. What is the highest common factor of 400 and n?
16
Let c = -138 + 156. Suppose -c*v - 88 = -22*v. Let r(k) = -17*k - 1. Let p be r(-2). Calculate the highest common divisor of v and p.
11
Suppose -44*f + 39*f - 100 = 0. Let s = 90 + f. Let p(m) = 57*m + 4. Let a be p(3). Calculate the highest common divisor of a and s.
35
Suppose -3*d - x - 41 = 0, 0*x = -4*d - 2*x - 56. Let v = -159 + 207. Let y = d + v. What is the highest common divisor of y and 5?
5
Suppose a + 82 = 5*w, 6*a = -w + 5*a + 14. Suppose 5*y - 1125 = 395. What is the highest common factor of w and y?
16
Let b(i) = -i**2 + 20*i - 32. Let w be b(17). Suppose -51 = w*c - 317. Calculate the highest common factor of c and 38.
2
Suppose 2*t - 890 = 2*h, 4*h = -176*t + 175*t + 415. Calculate the highest common divisor of t and 5.
1
Let j(b) = b**2 + 8*b - 8. Let w be ((-2*4)/1)/((-28)/(-42)). Let k be j(w). Let a be 1*k/(-5)*-5. Calculate the greatest common factor of a and 10.
10
Suppose -2*s + 10 = -0. Let y(n) be the first derivative of n**2 + 23*n + 53. Let r be y(16). Calculate the highest common divisor of r and s.
5
Let g(l) = 5 - 2 + l**3 - 19*l + 0*l**3 + 15 - 7*l**2. Let c be g(9). Suppose -c*q = -4*q - 75. Calculate the highest common divisor of q and 195.
15
Let w(u) = 23*u**3 + 4*u**2 - u - 22. Let a be w(6). What is the greatest common factor of 31 and a?
31
Let q be ((-2)/8)/((-151272)/(-15136) - 5*2). Calculate the highest common factor of 11911 and q.
43
Let s be (4/(-6) - 4/12)*-527. Suppose -7*j - s = -1619. Let g = j + -112. What is the highest common divisor of g and 4?
4
Let j = 1617 - 1053. Suppose -3*i - z + 512 = 0, -3*z = -5*i + j + 280. What is the greatest common factor of 20 and i?
10
Suppose -344*s = -708 - 3132 - 1320. Let z = 185 + -110. What is the greatest common factor of s and z?
15
Let m be ((-2)/(-4))/((-17)/374)*-1. Let y be 12*m/(-33) - (-8 + 1). Let k = 63 - 42. Calculate the highest common factor of k and y.
3
Let c = -56 - -5. Let a = c - 36. Let n = a - -197. What is the highest common divisor of n and 22?
22
Let p(f) = f**3 - 52*f**2 + 401*f + 55. Let z be p(43). What is the highest common factor of z and 803?
73
Suppose 18*l - 2 = 124. Suppose 2*y = -3*b + 53, -b + 0*y - 3*y = -6. Calculate the greatest common divisor of l and b.
7
Let d be -7 + -7*12/42 - -319. Calculate the highest common factor of d and 500.
10
Let d be ((-76)/(-5))/2 - 18*(-2)/(-60). Calculate the greatest common factor of 1589 and d.
7
Suppose 0 = -11*q + 2367 + 4398. Let o be q/6*(2 + 0). Calculate the highest common factor of o and 82.
41
Let u(y) = 513*y**2 - 21*y - 15. Let s be u(-2). Calculate the highest common divisor of 126 and s.
63
Suppose 5*i = -r + 4, 0 = 4*r - r - 2*i - 12. Suppose r*w - 2*g = 44 + 10, 12 = 2*w + 4*g. What is the highest common factor of w and 12?
12
Suppose 0 = -54*u - 26*u + 3280. Suppose -3*a + 93 = -5*c - 15, -c = -3. Calculate the greatest common factor of a and u.
41
Let p(j) = 17*j - 48. Let k be p(3). Suppose 26 = -k*g - u + 182, -4*u = 0. What is the greatest common divisor of 52 and g?
52
Suppose -9*o + 47 = 11. Let s be (-72)/(-96) + 2481/o. What is the greatest common factor of 69 and s?
69
Suppose -5*w + 7*w - 54 = 0. Let k(b) = -21*b - 3. Suppose 10 = -9*o - o. Let n be k(o). What is the greatest common divisor of n and w?
9
Suppose 3*a + 5*s = 62, -4*a = 2*s - 39 - 53. Calculate the highest common factor of a and 24552.
24
Let y = -8 - -12. Suppose 4*f = v - 16, 2*f - 324 = -4*v - 260. Calculate the highest common factor of y and v.
4
Let l = -4 + 6. Let z be (-12)/(1/(-6) + (-33)/(-190)). Let p be (z/(-21))/5 + 4/(-14). What is the greatest common divisor of p and l?
2
Let x(b) = b**3 + 4*b**2 - 14*b - 2. Let i be x(4). Let l(j) = 63*j. Let d be l(5). Calculate the greatest common factor of i and d.
35
Suppose 475*y = 234*y + 234*y + 1260. Let q(w) = -w**2 + 10. Let u be q(0). What is the highest common divisor of u and y?
10
Suppose 88*p - 148*p = -75*p + 195. Calculate the greatest common divisor of 6539 and p.
13
Let f = -1297 + 1365. Calculate the greatest common divisor of f and 1666.
34
Suppose 4*s + 13*s - 1298 - 606 = 0. What is the highest common factor of s and 406?
14
Let x be 210/18*12/4. Suppose -2*s - 2 = -3*s + 4*l, 5*s + 5*l = x. Calculate the greatest common divisor of 33 and s.
3
Let i = -35 + 18. Let h be i/(-4) + 3/(-12). Suppose 2*k - 5*w = 46, 2*k = 3*k - h*w - 29. What is the highest common divisor of 26 and k?
13
Suppose 0 = 6*s - 244 - 50. Let p(m) = 2*m**3 - 2*m**2 - 8*m + 12. Let l be p(3). Suppose 11 = 5*d - l. Calculate the greatest common factor of s and d.
7
Suppose -13652 = -5*c + u, 4*c - 5*u - 1467 = 9463. Calculate the greatest common divisor of c and 15.
15
Suppose 4*l 